{"id":1213,"date":"2019-12-13T10:20:17","date_gmt":"2019-12-13T18:20:17","guid":{"rendered":"http:\/\/webspace.royalroads.ca\/jhodson\/?page_id=1213"},"modified":"2019-12-16T11:27:25","modified_gmt":"2019-12-16T19:27:25","slug":"chapitre-3-avoir-recours-aux-medias-sociaux-pour-parler-de-votre-disciplinevos-travaux-scientifiques","status":"publish","type":"page","link":"https:\/\/webspace.royalroads.ca\/jhodson\/communication-in-the-public-interest-resources\/pratiques-exemplaires-en-communication-scientifique\/chapitre-3-avoir-recours-aux-medias-sociaux-pour-parler-de-votre-disciplinevos-travaux-scientifiques\/","title":{"rendered":"CHAPITRE\u00a03\u00a0: AVOIR RECOURS AUX M\u00c9DIAS SOCIAUX POUR PARLER DE VOTRE DISCIPLINEVOS TRAVAUX SCIENTIFIQUES"},"content":{"rendered":"<p>Dans ce chapitre, nous aborderons les questions suivantes\u00a0:<\/p>\n<ul>\n<li>Sur quoi baser votre s\u00e9lection de plateformes de m\u00e9dias sociaux pour parler de vos travaux scientifiques<\/li>\n<li>Comment adapter votre message aux diff\u00e9rents m\u00e9dias sociaux<\/li>\n<li>Comment planifier et \u00e9valuer les r\u00e9sultats des diff\u00e9rentes activit\u00e9s de communication<\/li>\n<li>Quelles sont les tendances actuelles et \u00e9mergentes pour la communication en ligne<\/li>\n<li>Comment ma\u00eetriser le monde du contenu et des droits d\u2019auteurs en ligne<\/li>\n<li>Que faire en cas de harc\u00e8lement en ligne lorsque vous parlez de votre discipline<\/li>\n<\/ul>\n<p>Cliquez sur les liens ci-dessous pour explorer un sujet. Vous pouvez aussi lire les sujets dans l\u2019ordre en cliquant sur <strong>&gt;&gt;Suivant <\/strong>au bas de chaque page.<\/p>\n<ol>\n<li><a href=\"http:\/\/webspace.royalroads.ca\/jhodson\/communication-in-the-public-interest-resources\/pratiques-exemplaires-en-communication-scientifique\/chapitre-3-avoir-recours-aux-medias-sociaux-pour-parler-de-votre-disciplinevos-travaux-scientifiques\/pourquoi-avoir-recours-aux-medias-sociaux\/\">Pourquoi avoir recours aux m\u00e9dias sociaux pour parler de votre discipline scientifique?<\/a><\/li>\n<li><a href=\"http:\/\/webspace.royalroads.ca\/jhodson\/communication-in-the-public-interest-resources\/pratiques-exemplaires-en-communication-scientifique\/chapitre-3-avoir-recours-aux-medias-sociaux-pour-parler-de-votre-disciplinevos-travaux-scientifiques\/la-planification-par-lecoute-sociale\/\">La planification\u00a0par l\u2019\u00e9coute sociale<\/a>\n<ol>\n<li><a href=\"http:\/\/webspace.royalroads.ca\/jhodson\/communication-in-the-public-interest-resources\/pratiques-exemplaires-en-communication-scientifique\/chapitre-3-avoir-recours-aux-medias-sociaux-pour-parler-de-votre-disciplinevos-travaux-scientifiques\/la-planification-par-lecoute-sociale\/creer-un-calendrier-de-contenu\/\">Cr\u00e9er un calendrier de contenu<\/a><\/li>\n<\/ol>\n<\/li>\n<li><a href=\"http:\/\/webspace.royalroads.ca\/jhodson\/communication-in-the-public-interest-resources\/pratiques-exemplaires-en-communication-scientifique\/chapitre-3-avoir-recours-aux-medias-sociaux-pour-parler-de-votre-disciplinevos-travaux-scientifiques\/la-conservation-du-contenu\/\">La conservation du contenu\u00a0: Aider \u00e0 garder la conversation en vie<\/a><\/li>\n<li><a href=\"http:\/\/webspace.royalroads.ca\/jhodson\/communication-in-the-public-interest-resources\/pratiques-exemplaires-en-communication-scientifique\/chapitre-3-avoir-recours-aux-medias-sociaux-pour-parler-de-votre-disciplinevos-travaux-scientifiques\/les-tendances-des-medias-sociaux-comment-rester-a-jour-dans-un-domaine-changeant\/\">Les tendances des m\u00e9dias sociaux\u00a0: Comment rester \u00e0 jour dans un domaine changeant<\/a>\n<ol>\n<li><a href=\"http:\/\/webspace.royalroads.ca\/jhodson\/communication-in-the-public-interest-resources\/pratiques-exemplaires-en-communication-scientifique\/chapitre-3-avoir-recours-aux-medias-sociaux-pour-parler-de-votre-disciplinevos-travaux-scientifiques\/les-tendances-des-medias-sociaux-comment-rester-a-jour-dans-un-domaine-changeant\/choisir-vos-plateformes\/\">Choisir vos plateformes<\/a><\/li>\n<\/ol>\n<\/li>\n<li><a href=\"http:\/\/webspace.royalroads.ca\/jhodson\/communication-in-the-public-interest-resources\/pratiques-exemplaires-en-communication-scientifique\/chapitre-3-avoir-recours-aux-medias-sociaux-pour-parler-de-votre-disciplinevos-travaux-scientifiques\/adapter-votre-approche-les-pratiques-exemplaires-pour-les-differentes-plateformes\/\">Adapter votre approche selon les diff\u00e9rentes plateformes<\/a>\n<ol>\n<li><a href=\"http:\/\/webspace.royalroads.ca\/jhodson\/communication-in-the-public-interest-resources\/pratiques-exemplaires-en-communication-scientifique\/chapitre-3-avoir-recours-aux-medias-sociaux-pour-parler-de-votre-disciplinevos-travaux-scientifiques\/adapter-votre-approche-les-pratiques-exemplaires-pour-les-differentes-plateformes\/les-sites-web\/\">Les sites Web<\/a><\/li>\n<li><a href=\"http:\/\/webspace.royalroads.ca\/jhodson\/communication-in-the-public-interest-resources\/pratiques-exemplaires-en-communication-scientifique\/chapitre-3-avoir-recours-aux-medias-sociaux-pour-parler-de-votre-disciplinevos-travaux-scientifiques\/adapter-votre-approche-les-pratiques-exemplaires-pour-les-differentes-plateformes\/blogues\/\">Les blogues<\/a><\/li>\n<li><a href=\"http:\/\/webspace.royalroads.ca\/jhodson\/communication-in-the-public-interest-resources\/pratiques-exemplaires-en-communication-scientifique\/chapitre-3-avoir-recours-aux-medias-sociaux-pour-parler-de-votre-disciplinevos-travaux-scientifiques\/adapter-votre-approche-les-pratiques-exemplaires-pour-les-differentes-plateformes\/contenu-visuel\/\">Le contenu visuel<\/a><\/li>\n<li><a href=\"http:\/\/webspace.royalroads.ca\/jhodson\/communication-in-the-public-interest-resources\/pratiques-exemplaires-en-communication-scientifique\/chapitre-3-avoir-recours-aux-medias-sociaux-pour-parler-de-votre-disciplinevos-travaux-scientifiques\/adapter-votre-approche-les-pratiques-exemplaires-pour-les-differentes-plateformes\/contenu-video\/\">Le contenu vid\u00e9o<\/a><\/li>\n<li><a href=\"http:\/\/webspace.royalroads.ca\/jhodson\/communication-in-the-public-interest-resources\/pratiques-exemplaires-en-communication-scientifique\/chapitre-3-avoir-recours-aux-medias-sociaux-pour-parler-de-votre-disciplinevos-travaux-scientifiques\/adapter-votre-approche-les-pratiques-exemplaires-pour-les-differentes-plateformes\/la-baladodiffusion\/\">La baladodiffusion<\/a><\/li>\n<li><a href=\"http:\/\/webspace.royalroads.ca\/jhodson\/communication-in-the-public-interest-resources\/pratiques-exemplaires-en-communication-scientifique\/chapitre-3-avoir-recours-aux-medias-sociaux-pour-parler-de-votre-disciplinevos-travaux-scientifiques\/adapter-votre-approche-les-pratiques-exemplaires-pour-les-differentes-plateformes\/de-fantastiques-plateformes\/\">Les m\u00e9dias sociaux (des plateformes fantastiques)<\/a><\/li>\n<li><a href=\"http:\/\/webspace.royalroads.ca\/jhodson\/communication-in-the-public-interest-resources\/pratiques-exemplaires-en-communication-scientifique\/chapitre-3-avoir-recours-aux-medias-sociaux-pour-parler-de-votre-disciplinevos-travaux-scientifiques\/adapter-votre-approche-les-pratiques-exemplaires-pour-les-differentes-plateformes\/plateformes-a-surveiller\/\">les plateformes en \u00e9mergence (plateformes \u00e0 surveiller)<\/a><\/li>\n<li><a href=\"http:\/\/webspace.royalroads.ca\/jhodson\/communication-in-the-public-interest-resources\/pratiques-exemplaires-en-communication-scientifique\/chapitre-3-avoir-recours-aux-medias-sociaux-pour-parler-de-votre-disciplinevos-travaux-scientifiques\/adapter-votre-approche-les-pratiques-exemplaires-pour-les-differentes-plateformes\/a-quelle-frequence-publiez-vous\/\">Le moment et la fr\u00e9quence des publications<\/a><\/li>\n<\/ol>\n<\/li>\n<li><a href=\"http:\/\/webspace.royalroads.ca\/jhodson\/communication-in-the-public-interest-resources\/pratiques-exemplaires-en-communication-scientifique\/chapitre-3-avoir-recours-aux-medias-sociaux-pour-parler-de-votre-disciplinevos-travaux-scientifiques\/droit-dauteur-et-creative-commons\/\">Les droits d\u2019auteur et <em>Creative Commons<\/em><\/a><\/li>\n<li>L<a href=\"http:\/\/webspace.royalroads.ca\/jhodson\/communication-in-the-public-interest-resources\/pratiques-exemplaires-en-communication-scientifique\/chapitre-3-avoir-recours-aux-medias-sociaux-pour-parler-de-votre-disciplinevos-travaux-scientifiques\/le-harcelement-en-ligne-et-vous\/\">e harc\u00e8lement en ligne et vous\u00a0: En ligne et en s\u00e9curit\u00e9<\/a><\/li>\n<\/ol>\n<h6><strong>&gt;&gt;SUIVANT\u00a0:\u00a0<\/strong><a href=\"http:\/\/webspace.royalroads.ca\/jhodson\/communication-in-the-public-interest-resources\/pratiques-exemplaires-en-communication-scientifique\/chapitre-3-avoir-recours-aux-medias-sociaux-pour-parler-de-votre-disciplinevos-travaux-scientifiques\/pourquoi-avoir-recours-aux-medias-sociaux\/\"><strong>Pourquoi avoir recours aux m\u00e9dias sociaux? <\/strong><\/a><strong>\u00a0\u00a0\u00a0\u00a0\u00a0\u00a0\u00a0\u00a0\u00a0\u00a0\u00a0\u00a0\u00a0\u00a0\u00a0\u00a0\u00a0\u00a0\u00a0\u00a0\u00a0\u00a0\u00a0\u00a0\u00a0\u00a0\u00a0\u00a0\u00a0\u00a0\u00a0\u00a0\u00a0<\/strong><\/h6>\n<h6><strong>\u00a0&lt;&lt;<\/strong><a href=\"https:\/\/webspace.royalroads.ca\/jhodson\/communication-in-the-public-interest-resources\/pratiques-exemplaires-en-communication-scientifique\/\"><strong>RETOUR \u00c0 LA TABLE DES MATI\u00c8RES PRINCIPALE<\/strong><\/a><\/h6>\n","protected":false},"excerpt":{"rendered":"<p>Dans ce chapitre, nous aborderons les questions suivantes\u00a0: Sur quoi baser votre s\u00e9lection de plateformes de m\u00e9dias sociaux pour parler de vos travaux scientifiques Comment adapter votre message aux diff\u00e9rents m\u00e9dias sociaux Comment planifier et \u00e9valuer les r\u00e9sultats des diff\u00e9rentes activit\u00e9s de communication Quelles sont les tendances actuelles et \u00e9mergentes pour la communication en ligne [&hellip;]<\/p>\n","protected":false},"author":184,"featured_media":0,"parent":1152,"menu_order":3,"comment_status":"closed","ping_status":"closed","template":"","meta":{"footnotes":""},"class_list":["post-1213","page","type-page","status-publish","hentry"],"_links":{"self":[{"href":"https:\/\/webspace.royalroads.ca\/jhodson\/wp-json\/wp\/v2\/pages\/1213","targetHints":{"allow":["GET"]}}],"collection":[{"href":"https:\/\/webspace.royalroads.ca\/jhodson\/wp-json\/wp\/v2\/pages"}],"about":[{"href":"https:\/\/webspace.royalroads.ca\/jhodson\/wp-json\/wp\/v2\/types\/page"}],"author":[{"embeddable":true,"href":"https:\/\/webspace.royalroads.ca\/jhodson\/wp-json\/wp\/v2\/users\/184"}],"replies":[{"embeddable":true,"href":"https:\/\/webspace.royalroads.ca\/jhodson\/wp-json\/wp\/v2\/comments?post=1213"}],"version-history":[{"count":3,"href":"https:\/\/webspace.royalroads.ca\/jhodson\/wp-json\/wp\/v2\/pages\/1213\/revisions"}],"predecessor-version":[{"id":1293,"href":"https:\/\/webspace.royalroads.ca\/jhodson\/wp-json\/wp\/v2\/pages\/1213\/revisions\/1293"}],"up":[{"embeddable":true,"href":"https:\/\/webspace.royalroads.ca\/jhodson\/wp-json\/wp\/v2\/pages\/1152"}],"wp:attachment":[{"href":"https:\/\/webspace.royalroads.ca\/jhodson\/wp-json\/wp\/v2\/media?parent=1213"}],"curies":[{"name":"wp","href":"https:\/\/api.w.org\/{rel}","templated":true}]}}