{"id":1220,"date":"2019-12-13T10:26:10","date_gmt":"2019-12-13T18:26:10","guid":{"rendered":"http:\/\/webspace.royalroads.ca\/jhodson\/?page_id=1220"},"modified":"2019-12-16T11:29:16","modified_gmt":"2019-12-16T19:29:16","slug":"creer-un-calendrier-de-contenu","status":"publish","type":"page","link":"https:\/\/webspace.royalroads.ca\/jhodson\/communication-in-the-public-interest-resources\/pratiques-exemplaires-en-communication-scientifique\/chapitre-3-avoir-recours-aux-medias-sociaux-pour-parler-de-votre-disciplinevos-travaux-scientifiques\/la-planification-par-lecoute-sociale\/creer-un-calendrier-de-contenu\/","title":{"rendered":"CR\u00c9ER UN CALENDRIER DE CONTENU"},"content":{"rendered":"<p>Un calendrier de contenu est un outil qui vous permet de planifier et de mettre \u00e0 l\u2019horaire le contenu de vos publications sur m\u00e9dias sociaux. Tout comme la planification d\u2019un menu all\u00e8ge la pr\u00e9paration des repas pour la semaine, , cela all\u00e8gera la t\u00e2che de publier r\u00e9guli\u00e8rement.<\/p>\n<p>Saviez-vous que, selon la plateforme, vous pourriez devoir publier plusieurs fois par jour afin d\u2019optimiser la mobilisation de votre communaut\u00e9? La quantit\u00e9 de travail peut sembler importante, mais gr\u00e2ce \u00e0 votre planification, vous pouvez pr\u00e9programmer quelques publications.<\/p>\n<p>Plus loin, nous discuterons de la conservation du contenu. Le contenu conserv\u00e9 est fort utile, il peut vous faciliter la vie sur les m\u00e9dias sociaux. Il peut entrer dans votre calendrier de contenu en compl\u00e9ment au contenu original\u2026 Je reviendrai sur le sujet plus tard.<\/p>\n<p>Pour l\u2019instant, apprenons \u00e0 cr\u00e9er un calendrier de contenu. L\u2019Agence\u00a0404 rapporte l\u2019importance et les avantages de cr\u00e9er une strat\u00e9gie pour les m\u00e9dias sociaux pour structurer la d\u00e9marche de cr\u00e9ation de contenu. Visionnez la vid\u00e9o ici, ou, si vous \u00e9prouvez des difficult\u00e9s, <a href=\"https:\/\/www.youtube.com\/watch?v=BX9TOrjNF8Q\">allez la regarder directement sur YouTube via ce lien<\/a>.<\/p>\n<p><iframe title=\"Comment de\u0301finir une strate\u0301gie sur les R\u00e9seaux Sociaux ?\" width=\"660\" height=\"371\" src=\"https:\/\/www.youtube.com\/embed\/BX9TOrjNF8Q?feature=oembed\" frameborder=\"0\" allow=\"accelerometer; autoplay; clipboard-write; encrypted-media; gyroscope; picture-in-picture; web-share\" referrerpolicy=\"strict-origin-when-cross-origin\" allowfullscreen><\/iframe><\/p>\n<p>Le blogue de Hootsuite offre des astuces approfondies afin de cr\u00e9er un bon calendrier de contenu. Vous pouvez avoir acc\u00e8s \u00e0 toutes les astuces en fran\u00e7ais en utilisant le lien suivant\u00a0: <a href=\"https:\/\/blog.hootsuite.com\/fr\/calendrier-de-contenu-des-medias-sociaux-astuces-et-modeles\/\">Blogue de Hootsuite en fran\u00e7ais<\/a><\/p>\n<p>Certaines plateformes de m\u00e9dias sociaux (comme TweetDeck ou Hootsuite) vous permettront de pr\u00e9programmer des publications sur d\u2019autres plateformes (comme Twitter). Si vous \u00eates un blogueur, la plupart des modules d\u2019extension de WordPress vous permettent de cr\u00e9er du contenu \u00e0 l\u2019avance et d\u2019en pr\u00e9programmer la publication. Ce qui signifie que lorsque vous produisez\u00a0 du mat\u00e9riel d\u2019avance pour votre calendrier de contenu vous pourriez en programmer sa publication et ne plus avoir \u00e0 vous en soucier. Cela d\u00e9pendra de la plateforme que vous d\u00e9ciderez d\u2019utiliser.<\/p>\n<p>La prudence est toutefois de mise avec les publications programm\u00e9es d\u2019avance. Pr\u00e9parer un calendrier de contenu est une bonne chose, mais il importe de maintenir une certaine flexibilit\u00e9. Par exemple, si un \u00e9v\u00e9nement tragique fait la manchette, vous pourriez souhaiter ne pas publier de contenu l\u00e9ger ou humoristique (qui semblerait d\u00e9connect\u00e9) sur vos plateformes cette journ\u00e9e-l\u00e0. \u00c9tablissez votre calendrier de contenu, mais ne l\u2019oubliez pas! R\u00e9organisez votre contenu pour r\u00e9pondre aux besoins, aux tendances ou aux \u00e9v\u00e9nements d\u2019actualit\u00e9 importants.<\/p>\n<p>Dans la section suivante, je vous montrerai comment augmenter la quantit\u00e9 de votre contenu dans votre calendrier au moyen de la conservation de contenu. La conservation du contenu vous permet d\u2019utiliser votre \u00e9coute sociale pour recueillir du contenu pertinent align\u00e9 sur le v\u00f4tre. Il vous aide \u00e0 vous int\u00e9grer \u00e0 la communaut\u00e9 et vous permet de publier fr\u00e9quemment sans toujours avoir \u00e0 cr\u00e9er du contenu neuf par vous-m\u00eame.<\/p>\n<h6>&gt;&gt;SUIVANT\u00a0:\u00a0<a href=\"http:\/\/webspace.royalroads.ca\/jhodson\/communication-in-the-public-interest-resources\/pratiques-exemplaires-en-communication-scientifique\/chapitre-3-avoir-recours-aux-medias-sociaux-pour-parler-de-votre-disciplinevos-travaux-scientifiques\/la-conservation-du-contenu\/\">LA CONSERVATION DU CONTENU<\/a><\/h6>\n<h6>\u00a0&lt;&lt;<a href=\"https:\/\/webspace.royalroads.ca\/jhodson\/communication-in-the-public-interest-resources\/pratiques-exemplaires-en-communication-scientifique\/chapitre-3-avoir-recours-aux-medias-sociaux-pour-parler-de-votre-disciplinevos-travaux-scientifiques\/\">RETOUR \u00c0 LA LISTE DE SUJETS DU CHAPITRE\u00a03<\/a><\/h6>\n","protected":false},"excerpt":{"rendered":"<p>Un calendrier de contenu est un outil qui vous permet de planifier et de mettre \u00e0 l\u2019horaire le contenu de vos publications sur m\u00e9dias sociaux. Tout comme la planification d\u2019un menu all\u00e8ge la pr\u00e9paration des repas pour la semaine, , cela all\u00e8gera la t\u00e2che de publier r\u00e9guli\u00e8rement. Saviez-vous que, selon la plateforme, vous pourriez devoir [&hellip;]<\/p>\n","protected":false},"author":184,"featured_media":0,"parent":1218,"menu_order":1,"comment_status":"closed","ping_status":"closed","template":"","meta":{"footnotes":""},"class_list":["post-1220","page","type-page","status-publish","hentry"],"_links":{"self":[{"href":"https:\/\/webspace.royalroads.ca\/jhodson\/wp-json\/wp\/v2\/pages\/1220","targetHints":{"allow":["GET"]}}],"collection":[{"href":"https:\/\/webspace.royalroads.ca\/jhodson\/wp-json\/wp\/v2\/pages"}],"about":[{"href":"https:\/\/webspace.royalroads.ca\/jhodson\/wp-json\/wp\/v2\/types\/page"}],"author":[{"embeddable":true,"href":"https:\/\/webspace.royalroads.ca\/jhodson\/wp-json\/wp\/v2\/users\/184"}],"replies":[{"embeddable":true,"href":"https:\/\/webspace.royalroads.ca\/jhodson\/wp-json\/wp\/v2\/comments?post=1220"}],"version-history":[{"count":2,"href":"https:\/\/webspace.royalroads.ca\/jhodson\/wp-json\/wp\/v2\/pages\/1220\/revisions"}],"predecessor-version":[{"id":1296,"href":"https:\/\/webspace.royalroads.ca\/jhodson\/wp-json\/wp\/v2\/pages\/1220\/revisions\/1296"}],"up":[{"embeddable":true,"href":"https:\/\/webspace.royalroads.ca\/jhodson\/wp-json\/wp\/v2\/pages\/1218"}],"wp:attachment":[{"href":"https:\/\/webspace.royalroads.ca\/jhodson\/wp-json\/wp\/v2\/media?parent=1220"}],"curies":[{"name":"wp","href":"https:\/\/api.w.org\/{rel}","templated":true}]}}