{"id":1223,"date":"2019-12-13T10:28:53","date_gmt":"2019-12-13T18:28:53","guid":{"rendered":"http:\/\/webspace.royalroads.ca\/jhodson\/?page_id=1223"},"modified":"2019-12-16T11:29:56","modified_gmt":"2019-12-16T19:29:56","slug":"la-conservation-du-contenu","status":"publish","type":"page","link":"https:\/\/webspace.royalroads.ca\/jhodson\/communication-in-the-public-interest-resources\/pratiques-exemplaires-en-communication-scientifique\/chapitre-3-avoir-recours-aux-medias-sociaux-pour-parler-de-votre-disciplinevos-travaux-scientifiques\/la-conservation-du-contenu\/","title":{"rendered":"La CONSERVATION DU CONTENU"},"content":{"rendered":"<p>La conservation du contenu, qu\u2019est-ce que c\u2019est?<\/p>\n<p>La conservation du contenu, c\u2019est trouver de l\u2019excellent contenu, pertinent \u00e0 votre domaine d\u2019int\u00e9r\u00eat et accessible sur le Web, puis l\u2019utiliser (avec les mentions requises) afin de perp\u00e9tuer la conversation dans vos r\u00e9seaux sur les m\u00e9dias sociaux.<\/p>\n<p>Elle constitue une bonne strat\u00e9gie puisqu\u2019elle vous permet de faire le n\u00e9cessaire pour g\u00e9n\u00e9rer une mobilisation en ligne\u00a0:<\/p>\n<ol>\n<li>Elle vous aide \u00e0 publier r\u00e9guli\u00e8rement et fr\u00e9quemment, sans devoir constamment cr\u00e9er du contenu neuf vous-m\u00eame.<\/li>\n<li>Elle vous aide \u00e0 publier un contenu riche pour vos abonn\u00e9s en leur fournissant une fonction de filtrage et \u00e0 faire preuve d\u2019expertise.<\/li>\n<li>Elle vous aide \u00e0 maintenir une conversation avec les gens que vous citez, \u00e9tablissant des liens bienveillants<\/li>\n<\/ol>\n<p>Bertrand\u00a0Soulier nous explique dans sa baladodiffusion ce qu\u2019est la conservation de contenu, tout en nous proposant astuces, mod\u00e8les et outils. Vous pouvez acc\u00e9der \u00e0 la baladodiffusion ici ou l\u2019<a href=\"https:\/\/www.youtube.com\/watch?v=Lv8m6x5oThA\">\u00e9couter sur YouTube gr\u00e2ce \u00e0 ce lien<\/a> si vous \u00e9prouvez des difficult\u00e9s d\u2019acc\u00e8s.<\/p>\n<p><iframe title=\"Mon guide de la curation de contenu\" width=\"660\" height=\"371\" src=\"https:\/\/www.youtube.com\/embed\/Lv8m6x5oThA?feature=oembed\" frameborder=\"0\" allow=\"accelerometer; autoplay; clipboard-write; encrypted-media; gyroscope; picture-in-picture; web-share\" referrerpolicy=\"strict-origin-when-cross-origin\" allowfullscreen><\/iframe><\/p>\n<p>La conservation de contenu n\u2019est pas seulement utile sur Twitter, elle peut aussi \u00eatre appliqu\u00e9e \u00e0 diff\u00e9rents r\u00e9seaux sociaux comme Facebook, LinkedIn, Pinterest et m\u00eame Instagram. Cela signifie simplement de trouver du contenu provenant de sources diverses qui vous pla\u00eet et qui est en lien avec vos sujets de discussion habituels. Puis, vous trouvez une fa\u00e7on de stocker ce contenu pour usage ult\u00e9rieur. Ensuite, vous le republiez, enrichi de vos propres commentaires et avec les mentions requises, tout cela afin de soutenir la conversation.<\/p>\n<p>Lorsque vous d\u00e9cidez de conserver du contenu venant de sources ext\u00e9rieures et de l\u2019utiliser sur\u00a0 vos m\u00e9dias sociaux, n\u2019oubliez pas de\u00a0:<\/p>\n<ol>\n<li>Toujours mentionner l\u2019initiateur du contenu, exactement comme vous mentionnez vos sources dans un article universitaire. Cela favorise un contexte bienveillant.<\/li>\n<li>Toujours utiliser les options d\u2019identification de la plateforme de m\u00e9dia social que vous utilisez pour faire le lien avec la personne qui a initi\u00e9 la publication du contenu, ainsi qu\u2019avec les gens qui devrait particuli\u00e8rement s\u2019y int\u00e9resser.<\/li>\n<li>Toujours ajouter votre grain de sel \u2013 pourquoi, selon vous, ce contenu m\u00e9rite-t-il d\u2019\u00eatre distribu\u00e9?<\/li>\n<li>Toujours faire un suivi de ce que vous avez publi\u00e9, afin de ne pas trop souvent vous r\u00e9p\u00e9ter par inadvertance, ce qui pourrait ennuyer vos abonn\u00e9s.<\/li>\n<\/ol>\n<p>Dans la section qui suit, je traiterai de certaines tendances des m\u00e9dias sociaux et expliquerai comment rester \u00e0 l\u2019aff\u00fbt des tendances lorsque vous choisissez votre plateforme. Ainsi, vous pourrez vous assurer de tirer le maximum de votre cr\u00e9ation de contenu et de votre conservation du contenu.<\/p>\n<h6><strong>&gt;&gt;<\/strong><strong>SUIVANT\u00a0: <a href=\"http:\/\/webspace.royalroads.ca\/jhodson\/communication-in-the-public-interest-resources\/pratiques-exemplaires-en-communication-scientifique\/chapitre-3-avoir-recours-aux-medias-sociaux-pour-parler-de-votre-disciplinevos-travaux-scientifiques\/les-tendances-des-medias-sociaux-comment-rester-a-jour-dans-un-domaine-changeant\/\">LES TENDANCES DES M\u00c9DIAS SOCIAUX <\/a><\/strong><strong>\u00a0\u00a0\u00a0\u00a0\u00a0\u00a0\u00a0\u00a0\u00a0\u00a0\u00a0\u00a0\u00a0\u00a0\u00a0\u00a0\u00a0\u00a0\u00a0\u00a0\u00a0\u00a0\u00a0\u00a0\u00a0\u00a0\u00a0\u00a0\u00a0\u00a0\u00a0\u00a0\u00a0\u00a0\u00a0\u00a0\u00a0\u00a0\u00a0<\/strong><\/h6>\n<h6><strong>\u00a0&lt;&lt;<\/strong><a href=\"https:\/\/webspace.royalroads.ca\/jhodson\/communication-in-the-public-interest-resources\/pratiques-exemplaires-en-communication-scientifique\/chapitre-3-avoir-recours-aux-medias-sociaux-pour-parler-de-votre-disciplinevos-travaux-scientifiques\/\"><strong>RETOUR \u00c0 LA LISTE DE SUJETS DU CHAPITRE\u00a03<\/strong><\/a><\/h6>\n","protected":false},"excerpt":{"rendered":"<p>La conservation du contenu, qu\u2019est-ce que c\u2019est? La conservation du contenu, c\u2019est trouver de l\u2019excellent contenu, pertinent \u00e0 votre domaine d\u2019int\u00e9r\u00eat et accessible sur le Web, puis l\u2019utiliser (avec les mentions requises) afin de perp\u00e9tuer la conversation dans vos r\u00e9seaux sur les m\u00e9dias sociaux. Elle constitue une bonne strat\u00e9gie puisqu\u2019elle vous permet de faire le [&hellip;]<\/p>\n","protected":false},"author":184,"featured_media":0,"parent":1213,"menu_order":3,"comment_status":"closed","ping_status":"closed","template":"","meta":{"footnotes":""},"class_list":["post-1223","page","type-page","status-publish","hentry"],"_links":{"self":[{"href":"https:\/\/webspace.royalroads.ca\/jhodson\/wp-json\/wp\/v2\/pages\/1223","targetHints":{"allow":["GET"]}}],"collection":[{"href":"https:\/\/webspace.royalroads.ca\/jhodson\/wp-json\/wp\/v2\/pages"}],"about":[{"href":"https:\/\/webspace.royalroads.ca\/jhodson\/wp-json\/wp\/v2\/types\/page"}],"author":[{"embeddable":true,"href":"https:\/\/webspace.royalroads.ca\/jhodson\/wp-json\/wp\/v2\/users\/184"}],"replies":[{"embeddable":true,"href":"https:\/\/webspace.royalroads.ca\/jhodson\/wp-json\/wp\/v2\/comments?post=1223"}],"version-history":[{"count":2,"href":"https:\/\/webspace.royalroads.ca\/jhodson\/wp-json\/wp\/v2\/pages\/1223\/revisions"}],"predecessor-version":[{"id":1297,"href":"https:\/\/webspace.royalroads.ca\/jhodson\/wp-json\/wp\/v2\/pages\/1223\/revisions\/1297"}],"up":[{"embeddable":true,"href":"https:\/\/webspace.royalroads.ca\/jhodson\/wp-json\/wp\/v2\/pages\/1213"}],"wp:attachment":[{"href":"https:\/\/webspace.royalroads.ca\/jhodson\/wp-json\/wp\/v2\/media?parent=1223"}],"curies":[{"name":"wp","href":"https:\/\/api.w.org\/{rel}","templated":true}]}}