{"id":1229,"date":"2019-12-13T10:34:00","date_gmt":"2019-12-13T18:34:00","guid":{"rendered":"http:\/\/webspace.royalroads.ca\/jhodson\/?page_id=1229"},"modified":"2019-12-16T11:33:14","modified_gmt":"2019-12-16T19:33:14","slug":"adapter-votre-approche-les-pratiques-exemplaires-pour-les-differentes-plateformes","status":"publish","type":"page","link":"https:\/\/webspace.royalroads.ca\/jhodson\/communication-in-the-public-interest-resources\/pratiques-exemplaires-en-communication-scientifique\/chapitre-3-avoir-recours-aux-medias-sociaux-pour-parler-de-votre-disciplinevos-travaux-scientifiques\/adapter-votre-approche-les-pratiques-exemplaires-pour-les-differentes-plateformes\/","title":{"rendered":"ADAPTER VOTRE APPROCHE\u00a0: LES PRATIQUES EXEMPLAIRES POUR LES DIFF\u00c9RENTES PLATEFORMES"},"content":{"rendered":"<p>Il est important de penser \u00e0 votre plateforme lorsque vous pr\u00e9parez du contenu. En d\u2019autres termes, m\u00eame si de nombreux r\u00e9seaux sociaux prennent en charge diff\u00e9rents formats de m\u00e9dias (tels que les images, la vid\u00e9o et le texte), il ne faut pas publier la m\u00eame chose sur plus d\u2019une plateforme. Il est pr\u00e9f\u00e9rable d\u2019adapter votre approche aux diff\u00e9rentes plateformes sur lesquelles vous avez choisi d\u2019\u00eatre pr\u00e9sent.<\/p>\n<p>Comme vous l\u2019avez appris dans la section pr\u00e9c\u00e9dente, vous pouvez choisir une plateforme en fonction de l\u2019endroit o\u00f9 se trouve votre public cible, ou en fonction du type de contenu que vous souhaitez le plus produire. Dans cette section, vous en apprendrez davantage sur les pratiques exemplaires en mati\u00e8re de publication sur diff\u00e9rentes plateformes de contenu. Elle portera sur les points suivants\u00a0:<\/p>\n<ol>\n<li><a href=\"http:\/\/webspace.royalroads.ca\/jhodson\/communication-in-the-public-interest-resources\/pratiques-exemplaires-en-communication-scientifique\/chapitre-3-avoir-recours-aux-medias-sociaux-pour-parler-de-votre-disciplinevos-travaux-scientifiques\/adapter-votre-approche-les-pratiques-exemplaires-pour-les-differentes-plateformes\/les-sites-web\/\">Les sites Web<\/a><\/li>\n<li><a href=\"http:\/\/webspace.royalroads.ca\/jhodson\/communication-in-the-public-interest-resources\/pratiques-exemplaires-en-communication-scientifique\/chapitre-3-avoir-recours-aux-medias-sociaux-pour-parler-de-votre-disciplinevos-travaux-scientifiques\/adapter-votre-approche-les-pratiques-exemplaires-pour-les-differentes-plateformes\/blogues\/\">Les blogues<\/a><\/li>\n<li><a href=\"http:\/\/webspace.royalroads.ca\/jhodson\/communication-in-the-public-interest-resources\/pratiques-exemplaires-en-communication-scientifique\/chapitre-3-avoir-recours-aux-medias-sociaux-pour-parler-de-votre-disciplinevos-travaux-scientifiques\/adapter-votre-approche-les-pratiques-exemplaires-pour-les-differentes-plateformes\/contenu-visuel\/\">Le contenu visuel<\/a><\/li>\n<li><a href=\"http:\/\/webspace.royalroads.ca\/jhodson\/communication-in-the-public-interest-resources\/pratiques-exemplaires-en-communication-scientifique\/chapitre-3-avoir-recours-aux-medias-sociaux-pour-parler-de-votre-disciplinevos-travaux-scientifiques\/adapter-votre-approche-les-pratiques-exemplaires-pour-les-differentes-plateformes\/contenu-video\/\">Le contenu vid\u00e9o<\/a><\/li>\n<li><a href=\"http:\/\/webspace.royalroads.ca\/jhodson\/communication-in-the-public-interest-resources\/pratiques-exemplaires-en-communication-scientifique\/chapitre-3-avoir-recours-aux-medias-sociaux-pour-parler-de-votre-disciplinevos-travaux-scientifiques\/adapter-votre-approche-les-pratiques-exemplaires-pour-les-differentes-plateformes\/la-baladodiffusion\/\">La baladodiffusion<\/a><\/li>\n<li><a href=\"http:\/\/webspace.royalroads.ca\/jhodson\/communication-in-the-public-interest-resources\/pratiques-exemplaires-en-communication-scientifique\/chapitre-3-avoir-recours-aux-medias-sociaux-pour-parler-de-votre-disciplinevos-travaux-scientifiques\/adapter-votre-approche-les-pratiques-exemplaires-pour-les-differentes-plateformes\/de-fantastiques-plateformes\/\">les plateformes de m\u00e9dias sociaux\u00a0: aper\u00e7u<\/a><\/li>\n<li><a href=\"http:\/\/webspace.royalroads.ca\/jhodson\/communication-in-the-public-interest-resources\/pratiques-exemplaires-en-communication-scientifique\/chapitre-3-avoir-recours-aux-medias-sociaux-pour-parler-de-votre-disciplinevos-travaux-scientifiques\/adapter-votre-approche-les-pratiques-exemplaires-pour-les-differentes-plateformes\/plateformes-a-surveiller\/\">Les plateformes \u00e9mergentes \u2013 WeChat, TikTok et Spotify<\/a><\/li>\n<li><a href=\"http:\/\/webspace.royalroads.ca\/jhodson\/communication-in-the-public-interest-resources\/pratiques-exemplaires-en-communication-scientifique\/chapitre-3-avoir-recours-aux-medias-sociaux-pour-parler-de-votre-disciplinevos-travaux-scientifiques\/adapter-votre-approche-les-pratiques-exemplaires-pour-les-differentes-plateformes\/a-quelle-frequence-publiez-vous\/\">Le moment et la fr\u00e9quence des publications<\/a><\/li>\n<\/ol>\n<p>&nbsp;<\/p>\n<h6><strong>&gt;&gt;SUIVANT\u00a0:\u00a0<\/strong><strong><a href=\"http:\/\/webspace.royalroads.ca\/jhodson\/communication-in-the-public-interest-resources\/pratiques-exemplaires-en-communication-scientifique\/chapitre-3-avoir-recours-aux-medias-sociaux-pour-parler-de-votre-disciplinevos-travaux-scientifiques\/adapter-votre-approche-les-pratiques-exemplaires-pour-les-differentes-plateformes\/les-sites-web\/\">SITES WEB<\/a> ET <a href=\"http:\/\/webspace.royalroads.ca\/jhodson\/communication-in-the-public-interest-resources\/pratiques-exemplaires-en-communication-scientifique\/chapitre-3-avoir-recours-aux-medias-sociaux-pour-parler-de-votre-disciplinevos-travaux-scientifiques\/adapter-votre-approche-les-pratiques-exemplaires-pour-les-differentes-plateformes\/blogues\/\">BLOGAGE<\/a><\/strong><strong>\u00a0\u00a0\u00a0\u00a0\u00a0\u00a0\u00a0\u00a0\u00a0\u00a0\u00a0\u00a0\u00a0\u00a0\u00a0\u00a0\u00a0\u00a0\u00a0\u00a0\u00a0\u00a0\u00a0\u00a0\u00a0\u00a0\u00a0\u00a0\u00a0\u00a0\u00a0\u00a0\u00a0\u00a0\u00a0\u00a0 \u00a0<\/strong><\/h6>\n<h6><strong>\u00a0&lt;&lt;<\/strong><a href=\"https:\/\/webspace.royalroads.ca\/jhodson\/communication-in-the-public-interest-resources\/pratiques-exemplaires-en-communication-scientifique\/chapitre-3-avoir-recours-aux-medias-sociaux-pour-parler-de-votre-disciplinevos-travaux-scientifiques\/\"><strong>RETOUR \u00c0 LA LISTE DE SUJETS DU CHAPITRE\u00a03<\/strong><\/a><\/h6>\n","protected":false},"excerpt":{"rendered":"<p>Il est important de penser \u00e0 votre plateforme lorsque vous pr\u00e9parez du contenu. En d\u2019autres termes, m\u00eame si de nombreux r\u00e9seaux sociaux prennent en charge diff\u00e9rents formats de m\u00e9dias (tels que les images, la vid\u00e9o et le texte), il ne faut pas publier la m\u00eame chose sur plus d\u2019une plateforme. Il est pr\u00e9f\u00e9rable d\u2019adapter votre [&hellip;]<\/p>\n","protected":false},"author":184,"featured_media":0,"parent":1213,"menu_order":5,"comment_status":"closed","ping_status":"closed","template":"","meta":{"footnotes":""},"class_list":["post-1229","page","type-page","status-publish","hentry"],"_links":{"self":[{"href":"https:\/\/webspace.royalroads.ca\/jhodson\/wp-json\/wp\/v2\/pages\/1229","targetHints":{"allow":["GET"]}}],"collection":[{"href":"https:\/\/webspace.royalroads.ca\/jhodson\/wp-json\/wp\/v2\/pages"}],"about":[{"href":"https:\/\/webspace.royalroads.ca\/jhodson\/wp-json\/wp\/v2\/types\/page"}],"author":[{"embeddable":true,"href":"https:\/\/webspace.royalroads.ca\/jhodson\/wp-json\/wp\/v2\/users\/184"}],"replies":[{"embeddable":true,"href":"https:\/\/webspace.royalroads.ca\/jhodson\/wp-json\/wp\/v2\/comments?post=1229"}],"version-history":[{"count":3,"href":"https:\/\/webspace.royalroads.ca\/jhodson\/wp-json\/wp\/v2\/pages\/1229\/revisions"}],"predecessor-version":[{"id":1301,"href":"https:\/\/webspace.royalroads.ca\/jhodson\/wp-json\/wp\/v2\/pages\/1229\/revisions\/1301"}],"up":[{"embeddable":true,"href":"https:\/\/webspace.royalroads.ca\/jhodson\/wp-json\/wp\/v2\/pages\/1213"}],"wp:attachment":[{"href":"https:\/\/webspace.royalroads.ca\/jhodson\/wp-json\/wp\/v2\/media?parent=1229"}],"curies":[{"name":"wp","href":"https:\/\/api.w.org\/{rel}","templated":true}]}}