{"id":1252,"date":"2019-12-13T11:10:33","date_gmt":"2019-12-13T19:10:33","guid":{"rendered":"http:\/\/webspace.royalroads.ca\/jhodson\/?page_id=1252"},"modified":"2019-12-16T11:43:55","modified_gmt":"2019-12-16T19:43:55","slug":"droit-dauteur-et-creative-commons","status":"publish","type":"page","link":"https:\/\/webspace.royalroads.ca\/jhodson\/communication-in-the-public-interest-resources\/pratiques-exemplaires-en-communication-scientifique\/chapitre-3-avoir-recours-aux-medias-sociaux-pour-parler-de-votre-disciplinevos-travaux-scientifiques\/droit-dauteur-et-creative-commons\/","title":{"rendered":"DROIT D\u2019AUTEUR ET CREATIVE COMMONS"},"content":{"rendered":"<p>Au fur et \u00e0 mesure que vous conservez du contenu, ajoutez des images \u00e0 vos publications ou des effets sonores et de la musique \u00e0 vos balados ou vos vid\u00e9os, vous vous tournerez vers le contenu que d\u2019autres personnes ont cr\u00e9\u00e9 et publi\u00e9 en ligne ou ailleurs.<\/p>\n<p>De m\u00eame, en tant que scientifique passionn\u00e9 et ouvert, vous voulez vous assurer que le contenu que vous cr\u00e9ez et publiez est libre d\u2019acc\u00e8s et d\u2019utilisation. Cependant, vous \u00eates tout de m\u00eame pr\u00e9occup\u00e9s par le fait que d\u2019autres pourraient voler vos id\u00e9es. Donc, comment garder le contr\u00f4le de votre propre contenu \u2013 le diffuser dans le monde, mais aussi demander que votre travail vous soit attribu\u00e9, ou mettre des limites sur la fa\u00e7on dont les gens peuvent l\u2019utiliser (\u00e0 des fins non commerciales seulement, s\u2019il-vous-pla\u00eet!)?<\/p>\n<p>La r\u00e9ponse \u00e0 ces questions est Creative Commons.<\/p>\n<figure id=\"attachment_988\" aria-describedby=\"caption-attachment-988\" style=\"width: 1280px\" class=\"wp-caption alignright\"><img decoding=\"async\" class=\"size-full wp-image-988 lazyload\" data-src=\"https:\/\/webspace.royalroads.ca\/jhodson\/wp-content\/uploads\/sites\/175\/2019\/08\/CreativeCommons_logo_trademark.svg_.png\" alt=\"\" width=\"1280\" height=\"329\" data-srcset=\"https:\/\/webspace.royalroads.ca\/jhodson\/wp-content\/uploads\/sites\/175\/2019\/08\/CreativeCommons_logo_trademark.svg_.png 1280w, https:\/\/webspace.royalroads.ca\/jhodson\/wp-content\/uploads\/sites\/175\/2019\/08\/CreativeCommons_logo_trademark.svg_-300x77.png 300w, https:\/\/webspace.royalroads.ca\/jhodson\/wp-content\/uploads\/sites\/175\/2019\/08\/CreativeCommons_logo_trademark.svg_-768x197.png 768w, https:\/\/webspace.royalroads.ca\/jhodson\/wp-content\/uploads\/sites\/175\/2019\/08\/CreativeCommons_logo_trademark.svg_-1024x263.png 1024w\" data-sizes=\"(max-width: 1280px) 100vw, 1280px\" src=\"data:image\/svg+xml;base64,PHN2ZyB3aWR0aD0iMSIgaGVpZ2h0PSIxIiB4bWxucz0iaHR0cDovL3d3dy53My5vcmcvMjAwMC9zdmciPjwvc3ZnPg==\" style=\"--smush-placeholder-width: 1280px; --smush-placeholder-aspect-ratio: 1280\/329;\" \/><figcaption id=\"caption-attachment-988\" class=\"wp-caption-text\">Logo de Creative Commons tir\u00e9 de Wikimedia Commons\u00a0: <a href=\"https:\/\/commons.wikimedia.org\/wiki\/File:CreativeCommons_logo_trademark.svg\">https:\/\/commons.wikimedia.org\/wiki\/File:CreativeCommons_logo_trademark.svg<\/a><\/figcaption><\/figure>\n<p>Creative Commons est une organisation qui fournit des licences de droit d\u2019auteur gratuites et faciles \u00e0 utiliser qui permettent aux cr\u00e9ateurs de partager leur travail. L\u2019utilisation d\u2019une licence Creative Commons permet aux cr\u00e9ateurs de pr\u00e9ciser la fa\u00e7on dont ils aimeraient que d\u2019autres utilisent leur travail, et est devenue une norme pour le droit d\u2019auteur non commercial. Vous pouvez en apprendre davantage sur Creative Commons et leurs licences sur leur\u00a0<a href=\"https:\/\/creativecommons.org\/about\/\">site Web (lien)<\/a>.<\/p>\n<p>Le site Web de Creative Commons offre un outil de recherche qui vous permet de rechercher des images, de la musique, des m\u00e9dias et des vid\u00e9os. Vous pouvez \u00e9galement diffuser votre travail sous licence Creative Commons par l\u2019interm\u00e9diaire du m\u00eame site.<\/p>\n<p>Certaines plateformes offrent l\u2019option de licences Creative Commons aux personnes qui les utilisent. Une liste compl\u00e8te se trouve sur la <a href=\"https:\/\/creativecommons.org\/about\/platform\/\">page \u00ab\u00a0Creative Commons Platform\u00a0\u00bb du site Web de Creative Commons (lien)<\/a>. Lorsque vous cherchez du contenu \u00e0 conserver ou \u00e0 ajouter \u00e0 votre vid\u00e9o, \u00e0 une publication pour votre blogue ou \u00e0 votre balado, que vous utilisiez ou non le site de Creative Commons, recherchez toujours des \u0153uvres sous licence Creative Commons qui peuvent \u00eatre r\u00e9utilis\u00e9es. La plupart des licences pr\u00e9cisent \u00e9galement la source. La meilleure fa\u00e7on d\u2019indiquer la source en ligne est d\u2019inscrire le lien vers les sources originales. Parfois, vous pouvez int\u00e9grer une vid\u00e9o ou un lien \u00e0 partir d\u2019un autre site Web (p.\u00a0ex. YouTube) directement sur votre blogue ou dans votre publication sur les m\u00e9dias sociaux afin de le commenter. Ces liens et vid\u00e9os int\u00e9gr\u00e9s n\u2019ont pas besoin d\u2019\u00eatre sous licence Creative Commons, car ils ram\u00e8nent l\u2019utilisateur directement \u00e0 la source originale de la vid\u00e9o. Vous avez probablement remarqu\u00e9 tout au long de cette ressource en ligne que j\u2019utilise les deux m\u00e9thodes. J\u2019utilise des images sous licence Creative Commons, mais aussi des liens, des vid\u00e9os YouTube, des TedTalks et d\u2019autres m\u00e9dias int\u00e9gr\u00e9s dans lesquels le cr\u00e9ateur a activ\u00e9 une fonction d\u2019int\u00e9gration (comme les gifs). Tout le contenu provenant des m\u00e9dias comporte un lien, ou une source, ou les deux.<\/p>\n<p>Enfin, la derni\u00e8re section du chapitre\u00a03 portera sur une pr\u00e9occupation croissante. En vous prenant place sur la sc\u00e8ne publique, vous pouvez vous exposer \u00e0 l\u2019intimidation ou au harc\u00e8lement en ligne. Heureusement, il existe des ressources qui vous sont offertes et qui peuvent vous aider \u00e0 faire face \u00e0 ce malheureux \u00e9v\u00e9nement s\u2019il se produit.<\/p>\n<h6><strong>&gt;&gt;SUIVANT\u00a0:\u00a0<\/strong><a href=\"http:\/\/webspace.royalroads.ca\/jhodson\/communication-in-the-public-interest-resources\/pratiques-exemplaires-en-communication-scientifique\/chapitre-3-avoir-recours-aux-medias-sociaux-pour-parler-de-votre-disciplinevos-travaux-scientifiques\/le-harcelement-en-ligne-et-vous\/\"><strong>LE HARC\u00c8LEMENT EN LIGNE ET VOUS<\/strong><\/a><strong>\u00a0\u00a0\u00a0\u00a0\u00a0\u00a0\u00a0\u00a0\u00a0\u00a0\u00a0\u00a0\u00a0\u00a0\u00a0\u00a0\u00a0\u00a0\u00a0\u00a0 \u00a0\u00a0\u00a0\u00a0\u00a0\u00a0\u00a0\u00a0\u00a0\u00a0\u00a0\u00a0<\/strong><\/h6>\n<h6><strong>\u00a0&lt;&lt;<\/strong><a href=\"https:\/\/webspace.royalroads.ca\/jhodson\/communication-in-the-public-interest-resources\/pratiques-exemplaires-en-communication-scientifique\/chapitre-3-avoir-recours-aux-medias-sociaux-pour-parler-de-votre-disciplinevos-travaux-scientifiques\/\"><strong>RETOUR \u00c0 LA LISTE DE SUJETS DU CHAPITRE\u00a03<\/strong><\/a><\/h6>\n","protected":false},"excerpt":{"rendered":"<p>Au fur et \u00e0 mesure que vous conservez du contenu, ajoutez des images \u00e0 vos publications ou des effets sonores et de la musique \u00e0 vos balados ou vos vid\u00e9os, vous vous tournerez vers le contenu que d\u2019autres personnes ont cr\u00e9\u00e9 et publi\u00e9 en ligne ou ailleurs. De m\u00eame, en tant que scientifique passionn\u00e9 et [&hellip;]<\/p>\n","protected":false},"author":184,"featured_media":0,"parent":1213,"menu_order":6,"comment_status":"closed","ping_status":"closed","template":"","meta":{"footnotes":""},"class_list":["post-1252","page","type-page","status-publish","hentry"],"_links":{"self":[{"href":"https:\/\/webspace.royalroads.ca\/jhodson\/wp-json\/wp\/v2\/pages\/1252","targetHints":{"allow":["GET"]}}],"collection":[{"href":"https:\/\/webspace.royalroads.ca\/jhodson\/wp-json\/wp\/v2\/pages"}],"about":[{"href":"https:\/\/webspace.royalroads.ca\/jhodson\/wp-json\/wp\/v2\/types\/page"}],"author":[{"embeddable":true,"href":"https:\/\/webspace.royalroads.ca\/jhodson\/wp-json\/wp\/v2\/users\/184"}],"replies":[{"embeddable":true,"href":"https:\/\/webspace.royalroads.ca\/jhodson\/wp-json\/wp\/v2\/comments?post=1252"}],"version-history":[{"count":2,"href":"https:\/\/webspace.royalroads.ca\/jhodson\/wp-json\/wp\/v2\/pages\/1252\/revisions"}],"predecessor-version":[{"id":1312,"href":"https:\/\/webspace.royalroads.ca\/jhodson\/wp-json\/wp\/v2\/pages\/1252\/revisions\/1312"}],"up":[{"embeddable":true,"href":"https:\/\/webspace.royalroads.ca\/jhodson\/wp-json\/wp\/v2\/pages\/1213"}],"wp:attachment":[{"href":"https:\/\/webspace.royalroads.ca\/jhodson\/wp-json\/wp\/v2\/media?parent=1252"}],"curies":[{"name":"wp","href":"https:\/\/api.w.org\/{rel}","templated":true}]}}