{"id":1256,"date":"2019-12-13T13:08:04","date_gmt":"2019-12-13T21:08:04","guid":{"rendered":"http:\/\/webspace.royalroads.ca\/jhodson\/?page_id=1256"},"modified":"2019-12-16T13:35:19","modified_gmt":"2019-12-16T21:35:19","slug":"chapitre-4-presenter-votre-travail-a-un-public-non-universitaire","status":"publish","type":"page","link":"https:\/\/webspace.royalroads.ca\/jhodson\/communication-in-the-public-interest-resources\/pratiques-exemplaires-en-communication-scientifique\/chapitre-4-presenter-votre-travail-a-un-public-non-universitaire\/","title":{"rendered":"CHAPITRE\u00a04\u00a0: PR\u00c9SENTER VOTRE TRAVAIL \u00c0 UN PUBLIC NON UNIVERSITAIRE"},"content":{"rendered":"<p>Dans ce chapitre, nous aborderons ce qui suit\u00a0:<\/p>\n<ul>\n<li>La meilleure mani\u00e8re de pr\u00e9senter votre travail de fa\u00e7on \u00e0 ce qu\u2019il soit \u00e0 la port\u00e9e des publics non universitaires, notamment les professionnels, les organisations professionnelles et les diffuseurs;<\/li>\n<li>Comment vous pr\u00e9parer \u00e0 discuter de votre travail \u00e0 la t\u00e9l\u00e9vision ou \u00e0 la radio;<\/li>\n<li>La cr\u00e9ation d\u2019un argumentaire \u00e9clair d\u00e9crivant votre travail, et les raisons pour lesquelles vous pourriez vouloir en cr\u00e9er un.<\/li>\n<\/ul>\n<p>Cliquez sur les liens ci-dessous pour explorer un sujet. Vous pouvez aussi lire les sujets dans l\u2019ordre en cliquant sur <strong>&gt;&gt;Suivant<\/strong> apr\u00e8s avoir termin\u00e9 la lecture d\u2019une page.<\/p>\n<p><strong>Sujets du chapitre\u00a04\u00a0:<\/strong><\/p>\n<ol>\n<li>Pr\u00e9sentation de votre travail \u00e0 des non-sp\u00e9cialistes\u00a0: un survol<\/li>\n<li>L\u2019art des diapositives\u00a0: passer des pr\u00e9sentations PowerPoint ennuyeuses aux pr\u00e9sentations PowerPoint g\u00e9niales<\/li>\n<li>Cr\u00e9ation d\u2019un argumentaire \u00e9clair pour votre travail<\/li>\n<li>Pratiques exemplaires en mati\u00e8re de diffusion\u00a0: passer \u00e0 la t\u00e9l\u00e9vision<\/li>\n<li>Pratiques exemplaires en mati\u00e8re de diffusion\u00a0: parler \u00e0 la radio<\/li>\n<\/ol>\n<h6><strong>&gt;&gt;SUIVANT\u00a0:\u00a0<\/strong><strong><a href=\"http:\/\/webspace.royalroads.ca\/jhodson\/communication-in-the-public-interest-resources\/pratiques-exemplaires-en-communication-scientifique\/chapitre-4-presenter-votre-travail-a-un-public-non-universitaire\/presentation-de-votre-travail-a-des-non-specialistes-un-survol\/\">P<\/a><a href=\"http:\/\/webspace.royalroads.ca\/jhodson\/communication-in-the-public-interest-resources\/pratiques-exemplaires-en-communication-scientifique\/chapitre-4-presenter-votre-travail-a-un-public-non-universitaire\/presentation-de-votre-travail-a-des-non-specialistes-un-survol\/\">R\u00c9SENTATION DE VOTRE TRAVAIL \u00c0 DES NON-SP\u00c9CIALISTES<\/a><\/strong><strong>\u00a0\u00a0\u00a0\u00a0\u00a0\u00a0\u00a0\u00a0\u00a0\u00a0\u00a0\u00a0\u00a0\u00a0\u00a0\u00a0\u00a0\u00a0\u00a0\u00a0 <\/strong><\/h6>\n<h6><strong>\u00a0&lt;&lt;<\/strong><a href=\"https:\/\/webspace.royalroads.ca\/jhodson\/communication-in-the-public-interest-resources\/pratiques-exemplaires-en-communication-scientifique\/\"><strong>RETOUR \u00c0 LA TABLE DES MATI\u00c8RES PRINCIPALE<\/strong><\/a><\/h6>\n","protected":false},"excerpt":{"rendered":"<p>Dans ce chapitre, nous aborderons ce qui suit\u00a0: La meilleure mani\u00e8re de pr\u00e9senter votre travail de fa\u00e7on \u00e0 ce qu\u2019il soit \u00e0 la port\u00e9e des publics non universitaires, notamment les professionnels, les organisations professionnelles et les diffuseurs; Comment vous pr\u00e9parer \u00e0 discuter de votre travail \u00e0 la t\u00e9l\u00e9vision ou \u00e0 la radio; La cr\u00e9ation d\u2019un [&hellip;]<\/p>\n","protected":false},"author":184,"featured_media":0,"parent":1152,"menu_order":4,"comment_status":"closed","ping_status":"closed","template":"","meta":{"footnotes":""},"class_list":["post-1256","page","type-page","status-publish","hentry"],"_links":{"self":[{"href":"https:\/\/webspace.royalroads.ca\/jhodson\/wp-json\/wp\/v2\/pages\/1256","targetHints":{"allow":["GET"]}}],"collection":[{"href":"https:\/\/webspace.royalroads.ca\/jhodson\/wp-json\/wp\/v2\/pages"}],"about":[{"href":"https:\/\/webspace.royalroads.ca\/jhodson\/wp-json\/wp\/v2\/types\/page"}],"author":[{"embeddable":true,"href":"https:\/\/webspace.royalroads.ca\/jhodson\/wp-json\/wp\/v2\/users\/184"}],"replies":[{"embeddable":true,"href":"https:\/\/webspace.royalroads.ca\/jhodson\/wp-json\/wp\/v2\/comments?post=1256"}],"version-history":[{"count":2,"href":"https:\/\/webspace.royalroads.ca\/jhodson\/wp-json\/wp\/v2\/pages\/1256\/revisions"}],"predecessor-version":[{"id":1314,"href":"https:\/\/webspace.royalroads.ca\/jhodson\/wp-json\/wp\/v2\/pages\/1256\/revisions\/1314"}],"up":[{"embeddable":true,"href":"https:\/\/webspace.royalroads.ca\/jhodson\/wp-json\/wp\/v2\/pages\/1152"}],"wp:attachment":[{"href":"https:\/\/webspace.royalroads.ca\/jhodson\/wp-json\/wp\/v2\/media?parent=1256"}],"curies":[{"name":"wp","href":"https:\/\/api.w.org\/{rel}","templated":true}]}}