{"id":1261,"date":"2019-12-13T13:17:44","date_gmt":"2019-12-13T21:17:44","guid":{"rendered":"http:\/\/webspace.royalroads.ca\/jhodson\/?page_id=1261"},"modified":"2019-12-16T13:36:55","modified_gmt":"2019-12-16T21:36:55","slug":"lart-des-diapositives-passer-des-presentations-powerpoint-ennuyeuses-aux-presentations-powerpoint-geniales","status":"publish","type":"page","link":"https:\/\/webspace.royalroads.ca\/jhodson\/communication-in-the-public-interest-resources\/pratiques-exemplaires-en-communication-scientifique\/chapitre-4-presenter-votre-travail-a-un-public-non-universitaire\/lart-des-diapositives-passer-des-presentations-powerpoint-ennuyeuses-aux-presentations-powerpoint-geniales\/","title":{"rendered":"L\u2019ART DES DIAPOSITIVES\u00a0: PASSER DES PR\u00c9SENTATIONS POWERPOINT ENNUYEUSES AUX PR\u00c9SENTATIONS POWERPOINT G\u00c9NIALES"},"content":{"rendered":"<p>Comme nous l\u2019avons vu \u00e0 la page pr\u00e9c\u00e9dente, les chercheurs utilisent souvent des diapositives remplies de texte lorsqu\u2019ils s\u2019adressent \u00e0 un public universitaire dans le cadre d\u2019une conf\u00e9rence scientifique. Toutefois, dans les situations o\u00f9 l\u2019on vous demande de faire une pr\u00e9sentation \u00e0 un public non sp\u00e9cialis\u00e9, vous devez vous assurer que vos diapositives sont int\u00e9ressantes d\u2019un point de vue visuel, qu\u2019elles ne contiennent pas trop de texte et qu\u2019elles sont con\u00e7ues de fa\u00e7on esth\u00e9tique. Les conseils suivants peuvent vous aider \u00e0 faire passer vos pr\u00e9sentations d\u2019ennuyeuses \u00e0 g\u00e9niales\u00a0:<\/p>\n<ol>\n<li>Limitez la quantit\u00e9 de texte sur chaque diapositive en tenant compte de la r\u00e8gle de sept. Aucune diapositive ne doit contenir plus de sept\u00a0lignes de texte, chacune ne d\u00e9passant pas sept\u00a0mots \u2013 bon conseil de l\u2019<a href=\"https:\/\/www.siue.edu\/facultycenter\/news\/blog\/2014\/09\/17.shtml\">Universit\u00e9 de Southern Illinois (lien)<\/a>;<\/li>\n<li>\u00c9vitez d\u2019utiliser les th\u00e8mes de PowerPoint. Tout le monde les utilise, ce qui les rend banals. Trouvez plut\u00f4t des images appropri\u00e9es avec suffisamment d\u2019espace blanc (par exemple, un paysage avec une grande quantit\u00e9 de ciel) sur lesquelles vous pouvez ins\u00e9rer votre texte, ou utilisez un fond de couleur unie avec une seule image bien align\u00e9e;<\/li>\n<li>N\u2019utilisez pas plus de deux\u00a0polices de caract\u00e8res;<\/li>\n<li>Assurez-vous que vos images sont gratuites et ne contiennent pas de filigrane, et redimensionnez votre image de fa\u00e7on proportionnelle. Ne d\u00e9formez pas votre image lorsque vous modifiez la taille;<\/li>\n<li>\u00c9vitez d\u2019utiliser des animations sur les diapositives et des transitions entre les diapositives;<\/li>\n<li>Ayez une id\u00e9e principale par diapositive, si possible, pour aider \u00e0 la clart\u00e9 de votre pr\u00e9sentation;<\/li>\n<li>Visez la simplicit\u00e9;<\/li>\n<li>Enfin, amusez-vous!<\/li>\n<\/ol>\n<p>&nbsp;<\/p>\n<figure id=\"attachment_1262\" aria-describedby=\"caption-attachment-1262\" style=\"width: 702px\" class=\"wp-caption alignright\"><img decoding=\"async\" class=\"size-full wp-image-1262 lazyload\" data-src=\"https:\/\/webspace.royalroads.ca\/jhodson\/wp-content\/uploads\/sites\/175\/2019\/12\/MemePPT1_FR.jpg\" alt=\"\" width=\"702\" height=\"395\" data-srcset=\"https:\/\/webspace.royalroads.ca\/jhodson\/wp-content\/uploads\/sites\/175\/2019\/12\/MemePPT1_FR.jpg 702w, https:\/\/webspace.royalroads.ca\/jhodson\/wp-content\/uploads\/sites\/175\/2019\/12\/MemePPT1_FR-300x169.jpg 300w\" data-sizes=\"(max-width: 702px) 100vw, 702px\" src=\"data:image\/svg+xml;base64,PHN2ZyB3aWR0aD0iMSIgaGVpZ2h0PSIxIiB4bWxucz0iaHR0cDovL3d3dy53My5vcmcvMjAwMC9zdmciPjwvc3ZnPg==\" style=\"--smush-placeholder-width: 702px; --smush-placeholder-aspect-ratio: 702\/395;\" \/><figcaption id=\"caption-attachment-1262\" class=\"wp-caption-text\">Un vieux truc des scientifiques du sommeil pour trouver des sujets pour leurs exp\u00e9riences<\/figcaption><\/figure>\n<p>&nbsp;<\/p>\n<p>&nbsp;<\/p>\n<figure id=\"attachment_1263\" aria-describedby=\"caption-attachment-1263\" style=\"width: 735px\" class=\"wp-caption alignright\"><img decoding=\"async\" class=\"size-full wp-image-1263 lazyload\" data-src=\"https:\/\/webspace.royalroads.ca\/jhodson\/wp-content\/uploads\/sites\/175\/2019\/12\/MemePPT2_FR.jpg\" alt=\"\" width=\"735\" height=\"500\" data-srcset=\"https:\/\/webspace.royalroads.ca\/jhodson\/wp-content\/uploads\/sites\/175\/2019\/12\/MemePPT2_FR.jpg 735w, https:\/\/webspace.royalroads.ca\/jhodson\/wp-content\/uploads\/sites\/175\/2019\/12\/MemePPT2_FR-300x204.jpg 300w\" data-sizes=\"(max-width: 735px) 100vw, 735px\" src=\"data:image\/svg+xml;base64,PHN2ZyB3aWR0aD0iMSIgaGVpZ2h0PSIxIiB4bWxucz0iaHR0cDovL3d3dy53My5vcmcvMjAwMC9zdmciPjwvc3ZnPg==\" style=\"--smush-placeholder-width: 735px; --smush-placeholder-aspect-ratio: 735\/500;\" \/><figcaption id=\"caption-attachment-1263\" class=\"wp-caption-text\">Oui, nos astuces sont \u00e9poustouflantes\u2026 mais la mod\u00e9ration a bien meilleur go\u00fbt!<\/figcaption><\/figure>\n<p>PowerPoint ne vous int\u00e9resse pas? Consultez cette liste d\u2019options de logiciels de pr\u00e9sentation sur le <a href=\"https:\/\/zapier.com\/blog\/best-powerpoint-alternatives\/\">blogue Zapier (lien)<\/a>.<\/p>\n<p>Vous avez con\u00e7u une pr\u00e9sentation pertinente et belle, vous avez r\u00e9p\u00e9t\u00e9 et vous \u00eates pr\u00eats pour votre pr\u00e9sentation, mais vous avez parfois besoin d\u2019un r\u00e9sum\u00e9 court et concis de votre travail pour en parler rapidement et de fa\u00e7on informelle aux autres. La section suivante portera sur la fa\u00e7on de pr\u00e9senter votre travail dans des situations o\u00f9 vous n\u2019avez pas beaucoup de temps, \u00e0 l\u2019aide d\u2019un argumentaire \u00e9clair.<\/p>\n<h6><strong>&gt;&gt;SUIVANT\u00a0:\u00a0<a href=\"http:\/\/webspace.royalroads.ca\/jhodson\/communication-in-the-public-interest-resources\/pratiques-exemplaires-en-communication-scientifique\/chapitre-4-presenter-votre-travail-a-un-public-non-universitaire\/creation-dun-argumentaire-eclair-pour-votre-travail\/\"><u>L\u2019ARGUMENTAIRE \u00c9CLAIR <\/u>\u00a0\u00a0<\/a>\u00a0\u00a0\u00a0<\/strong><\/h6>\n<h6><strong>&lt;&lt;<\/strong><strong><u>R<a href=\"https:\/\/webspace.royalroads.ca\/jhodson\/communication-in-the-public-interest-resources\/pratiques-exemplaires-en-communication-scientifique\/chapitre-4-presenter-votre-travail-a-un-public-non-universitaire\/\">ETOUR \u00c0 LA LISTE DE SUJETS DU CHAPITRE\u00a04<\/a><\/u><\/strong><\/h6>\n","protected":false},"excerpt":{"rendered":"<p>Comme nous l\u2019avons vu \u00e0 la page pr\u00e9c\u00e9dente, les chercheurs utilisent souvent des diapositives remplies de texte lorsqu\u2019ils s\u2019adressent \u00e0 un public universitaire dans le cadre d\u2019une conf\u00e9rence scientifique. Toutefois, dans les situations o\u00f9 l\u2019on vous demande de faire une pr\u00e9sentation \u00e0 un public non sp\u00e9cialis\u00e9, vous devez vous assurer que vos diapositives sont int\u00e9ressantes [&hellip;]<\/p>\n","protected":false},"author":184,"featured_media":0,"parent":1256,"menu_order":2,"comment_status":"closed","ping_status":"closed","template":"","meta":{"footnotes":""},"class_list":["post-1261","page","type-page","status-publish","hentry"],"_links":{"self":[{"href":"https:\/\/webspace.royalroads.ca\/jhodson\/wp-json\/wp\/v2\/pages\/1261","targetHints":{"allow":["GET"]}}],"collection":[{"href":"https:\/\/webspace.royalroads.ca\/jhodson\/wp-json\/wp\/v2\/pages"}],"about":[{"href":"https:\/\/webspace.royalroads.ca\/jhodson\/wp-json\/wp\/v2\/types\/page"}],"author":[{"embeddable":true,"href":"https:\/\/webspace.royalroads.ca\/jhodson\/wp-json\/wp\/v2\/users\/184"}],"replies":[{"embeddable":true,"href":"https:\/\/webspace.royalroads.ca\/jhodson\/wp-json\/wp\/v2\/comments?post=1261"}],"version-history":[{"count":2,"href":"https:\/\/webspace.royalroads.ca\/jhodson\/wp-json\/wp\/v2\/pages\/1261\/revisions"}],"predecessor-version":[{"id":1317,"href":"https:\/\/webspace.royalroads.ca\/jhodson\/wp-json\/wp\/v2\/pages\/1261\/revisions\/1317"}],"up":[{"embeddable":true,"href":"https:\/\/webspace.royalroads.ca\/jhodson\/wp-json\/wp\/v2\/pages\/1256"}],"wp:attachment":[{"href":"https:\/\/webspace.royalroads.ca\/jhodson\/wp-json\/wp\/v2\/media?parent=1261"}],"curies":[{"name":"wp","href":"https:\/\/api.w.org\/{rel}","templated":true}]}}