{"id":1269,"date":"2019-12-13T13:25:21","date_gmt":"2019-12-13T21:25:21","guid":{"rendered":"http:\/\/webspace.royalroads.ca\/jhodson\/?page_id=1269"},"modified":"2019-12-16T13:38:24","modified_gmt":"2019-12-16T21:38:24","slug":"pratiques-exemplaires-en-matiere-de-diffusion-parler-a-la-radio","status":"publish","type":"page","link":"https:\/\/webspace.royalroads.ca\/jhodson\/communication-in-the-public-interest-resources\/pratiques-exemplaires-en-communication-scientifique\/chapitre-4-presenter-votre-travail-a-un-public-non-universitaire\/pratiques-exemplaires-en-matiere-de-diffusion-parler-a-la-radio\/","title":{"rendered":"PRATIQUES EXEMPLAIRES EN MATI\u00c8RE DE DIFFUSION\u00a0: PARLER \u00c0 LA RADIO"},"content":{"rendered":"<p>Lorsque vous parlez de vos travaux scientifiques, on peut vous offrir la possibilit\u00e9 de parler \u00e0 la radio ou dans le cadre d\u2019un balado, ou dans un autre format uniquement audio. L\u2019avantage de pr\u00e9senter vos travaux scientifiques de cette fa\u00e7on est que vous n\u2019avez pas \u00e0 vous pr\u00e9occuper de ce que vous portez ou de votre maquillage ou votre coiffure. Cependant, il y a d\u2019autres questions que vous devez prendre en consid\u00e9ration pour r\u00e9ussir votre entrevue \u00e0 la radio ou en baladodiffusion.<\/p>\n<p><a href=\"https:\/\/giphy.com\/gifs\/VirginRadioLebanon-bump-virgin-virginradiolebanon-fjxcLYaM9716kAsE1x\">https:\/\/giphy.com\/gifs\/VirginRadioLebanon-bump-virgin-virginradiolebanon-fjxcLYaM9716kAsE1x<\/a><\/p>\n<p>\u00abMorning Bump Gif\u00bb par Virgin Radio Lebanon<\/p>\n<p>&nbsp;<\/p>\n<p><strong>Rester chez soi ou se d\u00e9placer?<\/strong><\/p>\n<p>Lorsqu\u2019on vous offre l\u2019occasion de parler \u00e0 la radio ou en baladodiffusion, vous pouvez avoir la possibilit\u00e9 d\u2019appeler (avec votre t\u00e9l\u00e9phone ou avec Skype) de la maison, au lieu de vous rendre au studio. Lorsque vous r\u00e9fl\u00e9chissez \u00e0 l\u2019option qui vous convient le mieux, tenez compte de ce qui suit\u00a0:<\/p>\n<ul>\n<li>Le moment de votre entrevue et vos autres responsabilit\u00e9s;<\/li>\n<li>La fiabilit\u00e9 de votre t\u00e9l\u00e9phone et de votre connexion Internet;<\/li>\n<li>La disponibilit\u00e9 d\u2019un espace calme dans votre maison;<\/li>\n<li>Votre niveau d\u2019aisance \u00e0 parler avec quelqu\u2019un en l\u2019absence de langage corporel et d\u2019autres indices non verbaux.<\/li>\n<\/ul>\n<p>Pour qu\u2019une entrevue fonctionne \u00e0 partir de votre domicile, vous devez vous assurer d\u2019avoir une connexion fiable et un espace tranquille et sans distraction. Vous devez \u00e9galement \u00eatre \u00e0 l\u2019aise de r\u00e9pondre aux questions par t\u00e9l\u00e9phone sans couper accidentellement la parole de l\u2019autre personne. Parfois, l\u2019absence d\u2019indices verbaux peut rendre les r\u00e9ponses plus difficiles.<\/p>\n<p><strong>Pr\u00e9paration de votre entrevue\u00a0:<\/strong><\/p>\n<ul>\n<li>Avant votre entrevue, assurez-vous d\u2019\u00eatre bien hydrat\u00e9 et \u00e9vitez de trop consommer de produits laitiers ou de caf\u00e9ine.<\/li>\n<li>Portez des v\u00eatements confortables, amples et perm\u00e9ables \u00e0 l\u2019air.<\/li>\n<li>Remplissez une bouteille d\u2019eau citronn\u00e9e que vous pourrez boire pendant votre entrevue.<\/li>\n<li>\u00c9chauffez vos cordes vocales avec des exercices vocaux comme ceux offerts par <a href=\"https:\/\/virtualspeech.com\/blog\/exercises-warm-up-voice-before-speech\">VirtualSpeech (lien)<\/a>.<\/li>\n<\/ul>\n<p>&nbsp;<\/p>\n<p><strong>Conseils pour l\u2019entrevue de la maison\u00a0:<\/strong><\/p>\n<ul>\n<li>Trouvez une pi\u00e8ce tranquille avec peu de distractions et peu ou pas de bruits de fond ext\u00e9rieurs ou int\u00e9rieurs.<\/li>\n<li>Si possible, utilisez une ligne terrestre plut\u00f4t qu\u2019un t\u00e9l\u00e9phone cellulaire pour \u00e9viter les probl\u00e8mes de connectivit\u00e9.<\/li>\n<li>Si vous faites l\u2019entrevue sur Skype, utilisez toujours un casque d\u2019\u00e9coute et un microphone.<\/li>\n<li>Gardez un verre d\u2019eau \u00e0 proximit\u00e9 au cas o\u00f9 vous en auriez besoin.<\/li>\n<li>Souriez quand vous parlez \u2013 votre auditoire peut entendre un sourire dans votre voix et cela aide \u00e0 animer vos paroles.<\/li>\n<\/ul>\n<p>&nbsp;<\/p>\n<p><strong>Conseils pour l\u2019entrevue au studio\u00a0:<\/strong><\/p>\n<ul>\n<li>Comme pour la t\u00e9l\u00e9vision, arrivez de 15 \u00e0 20\u00a0minutes \u00e0 l\u2019avance et faites vos \u00e9chauffements vocaux.<\/li>\n<li>Regardez votre interlocuteur et voyez votre entrevue comme une conversation avec un ami.<\/li>\n<li>Gardez un verre d\u2019eau \u00e0 proximit\u00e9 au cas o\u00f9 vous en auriez besoin.<\/li>\n<li>Utilisez les \u00e9couteurs fournis par le studio.<\/li>\n<li>N\u2019oubliez pas de respirer et de vous amuser.<\/li>\n<\/ul>\n<p>&nbsp;<\/p>\n<p><strong>Pendant l\u2019entrevue\u00a0:<\/strong><\/p>\n<ul>\n<li>Faites attention \u00e0 votre vitesse \u2013 lorsque nous sommes nerveux, notre parole a tendance \u00e0 s\u2019acc\u00e9l\u00e9rer. Respirez profond\u00e9ment et essayez de maintenir votre parole \u00e0 un rythme raisonnable.<\/li>\n<li>Articulez. Lorsque l\u2019auditoire n\u2019a que l\u2019audio, vous devez essayer d\u2019\u00e9noncer vos mots aussi clairement que possible.<\/li>\n<li>Faites attention aux temps morts. Quelques secondes de silence peuvent sembler durer une \u00e9ternit\u00e9 pour ceux qui vous \u00e9coutent. Si vous avez besoin de temps pour r\u00e9fl\u00e9chir, r\u00e9p\u00e9tez la question \u00e0 votre intervieweur.<\/li>\n<li>\u00c9viter les tics de langage comme les \u00ab\u00a0euh\u00a0\u00bb, les \u00ab\u00a0ah\u00a0\u00bb ou les mots de remplissage. Certains sont in\u00e9vitables, mais si vous avez r\u00e9p\u00e9t\u00e9 avant l\u2019entrevue, il est moins probable que vous les utilisiez.<\/li>\n<li>Essayez de ne pas interrompre votre interlocuteur. Cela est distrayant dans un m\u00e9dia seulement audio.<\/li>\n<li>Remerciez votre intervieweur de vous avoir invit\u00e9 et dites-lui \u00e0 quel point vous \u00eates heureux d\u2019\u00eatre l\u00e0.<\/li>\n<\/ul>\n<h6><strong>&gt;&gt;\u00a0<\/strong><a href=\"http:\/\/webspace.royalroads.ca\/jhodson\/communication-in-the-public-interest-resources\/pratiques-exemplaires-en-communication-scientifique\/felicitations\/\"><strong>PAGE SUIVANTE<\/strong><\/a><strong>\u00a0\u00a0\u00a0\u00a0\u00a0\u00a0\u00a0\u00a0\u00a0\u00a0\u00a0\u00a0\u00a0\u00a0\u00a0\u00a0\u00a0\u00a0\u00a0\u00a0\u00a0\u00a0\u00a0\u00a0\u00a0\u00a0\u00a0\u00a0\u00a0\u00a0\u00a0\u00a0\u00a0\u00a0\u00a0\u00a0\u00a0\u00a0\u00a0\u00a0\u00a0\u00a0\u00a0\u00a0\u00a0\u00a0\u00a0\u00a0\u00a0\u00a0\u00a0\u00a0\u00a0 <\/strong><\/h6>\n<h6><strong>&lt;&lt;<\/strong><a href=\"https:\/\/webspace.royalroads.ca\/jhodson\/communication-in-the-public-interest-resources\/pratiques-exemplaires-en-communication-scientifique\/chapitre-4-presenter-votre-travail-a-un-public-non-universitaire\/\"><strong>RETOUR \u00c0 LA LISTE DE SUJETS DU CHAPITRE\u00a04<\/strong><\/a><\/h6>\n","protected":false},"excerpt":{"rendered":"<p>Lorsque vous parlez de vos travaux scientifiques, on peut vous offrir la possibilit\u00e9 de parler \u00e0 la radio ou dans le cadre d\u2019un balado, ou dans un autre format uniquement audio. L\u2019avantage de pr\u00e9senter vos travaux scientifiques de cette fa\u00e7on est que vous n\u2019avez pas \u00e0 vous pr\u00e9occuper de ce que vous portez ou de [&hellip;]<\/p>\n","protected":false},"author":184,"featured_media":0,"parent":1256,"menu_order":5,"comment_status":"closed","ping_status":"closed","template":"","meta":{"footnotes":""},"class_list":["post-1269","page","type-page","status-publish","hentry"],"_links":{"self":[{"href":"https:\/\/webspace.royalroads.ca\/jhodson\/wp-json\/wp\/v2\/pages\/1269","targetHints":{"allow":["GET"]}}],"collection":[{"href":"https:\/\/webspace.royalroads.ca\/jhodson\/wp-json\/wp\/v2\/pages"}],"about":[{"href":"https:\/\/webspace.royalroads.ca\/jhodson\/wp-json\/wp\/v2\/types\/page"}],"author":[{"embeddable":true,"href":"https:\/\/webspace.royalroads.ca\/jhodson\/wp-json\/wp\/v2\/users\/184"}],"replies":[{"embeddable":true,"href":"https:\/\/webspace.royalroads.ca\/jhodson\/wp-json\/wp\/v2\/comments?post=1269"}],"version-history":[{"count":2,"href":"https:\/\/webspace.royalroads.ca\/jhodson\/wp-json\/wp\/v2\/pages\/1269\/revisions"}],"predecessor-version":[{"id":1320,"href":"https:\/\/webspace.royalroads.ca\/jhodson\/wp-json\/wp\/v2\/pages\/1269\/revisions\/1320"}],"up":[{"embeddable":true,"href":"https:\/\/webspace.royalroads.ca\/jhodson\/wp-json\/wp\/v2\/pages\/1256"}],"wp:attachment":[{"href":"https:\/\/webspace.royalroads.ca\/jhodson\/wp-json\/wp\/v2\/media?parent=1269"}],"curies":[{"name":"wp","href":"https:\/\/api.w.org\/{rel}","templated":true}]}}