{"id":391,"date":"2019-07-02T11:06:28","date_gmt":"2019-07-02T18:06:28","guid":{"rendered":"http:\/\/webspace.royalroads.ca\/jhodson\/?page_id=391"},"modified":"2019-12-17T08:41:41","modified_gmt":"2019-12-17T16:41:41","slug":"science-communication","status":"publish","type":"page","link":"https:\/\/webspace.royalroads.ca\/jhodson\/communication-in-the-public-interest-resources\/science-communication\/","title":{"rendered":"Science Communication Best Practices"},"content":{"rendered":"<p>Welcome to <em><strong>Science Communication Best Practices!<\/strong><\/em><\/p>\n<figure style=\"width: 573px\" class=\"wp-caption alignnone\"><img decoding=\"async\" data-src=\"https:\/\/farm3.staticflickr.com\/2948\/15268741059_bcf99f82f2_b.jpg\" alt=\"Science Hack Day\" width=\"573\" height=\"382\" src=\"data:image\/svg+xml;base64,PHN2ZyB3aWR0aD0iMSIgaGVpZ2h0PSIxIiB4bWxucz0iaHR0cDovL3d3dy53My5vcmcvMjAwMC9zdmciPjwvc3ZnPg==\" class=\"lazyload\" style=\"--smush-placeholder-width: 573px; --smush-placeholder-aspect-ratio: 573\/382;\" \/><figcaption class=\"wp-caption-text\">&#8220;Science Hack Day&#8221; by fumi is licensed under CC BY-NC-SA 2.0<\/figcaption><\/figure>\n<p>This online resource was made possible based on work supported by\u00a0 MITACS, Environment and Climate Change Canada, and Royal Roads University. This open online information hub will be a resource for you as you choose to communicate your science to the public. It is open and online so that you will be able to reference it at any time, and it will remain live and regularly updated with the latest information, case studies and best practices.<\/p>\n<p><em><strong>\u00a0<\/strong>J\u2019ai cr\u00e9\u00e9 une version fran\u00e7aise de cette ressource. Ce guide est destin\u00e9 aux chercheurs qui souhaitent communiquer leur science au public<\/em>. <a href=\"http:\/\/webspace.royalroads.ca\/jhodson\/communication-in-the-public-interest-resources\/pratiques-exemplaires-en-communication-scientifique\/\"><em>Cliquez ici pour la version fran\u00e7ais<\/em><\/a>.<\/p>\n<p>Think of this online resource as a sort of online interactive multimedia textbook. In addition to providing a readable guide to online communication, throughout you will find YouTube videos, links to blog posts, academic articles, and other resources. I&#8217;ve compiled and curated these links for your from around the web, to provide a single source for the\u00a0 best science communication support.<\/p>\n<p>This resource works best when viewed on the Firefox or Chrome web browsers. The embedded videos may not always play in other browsers, but I&#8217;ve provided links to each video as well as the embedded version, so as you go through the material you may link to additional resources if they do not play directly on your device or web browser.<\/p>\n<p>Click on one of the following chapters below to learn more, or go through the entire list in order to get the full science communication training module by clicking\u00a0<strong>&gt;&gt;Next<\/strong>\u00a0when you get to the bottom of each page.<\/p>\n<p><strong>Table of Contents:<\/strong><\/p>\n<ol>\n<li><a href=\"https:\/\/webspace.royalroads.ca\/jhodson\/science-communication\/chapter-1-toc\/\">Chapter 1: Why Science Communication?<\/a><\/li>\n<li><a href=\"https:\/\/webspace.royalroads.ca\/jhodson\/communication-in-the-public-interest-resources\/science-communication\/chapter-2-tips-and-challenges-for-science-communication\/\">Chapter 2: Tips and Challenges for Science Communication<\/a><\/li>\n<li><a href=\"https:\/\/webspace.royalroads.ca\/jhodson\/communication-in-the-public-interest-resources\/science-communication\/chapter-3-using-social-media-to-share-your-research\/\">Chapter 3: Using Social Media to Share Your Research<\/a><\/li>\n<li><a href=\"https:\/\/webspace.royalroads.ca\/jhodson\/communication-in-the-public-interest-resources\/science-communication\/chapter-4-presenting-your-work-to-non-academic-audiences\/\">Chapter 4: Presenting your Research to a Non-Academic Audience<\/a><\/li>\n<\/ol>\n<h6>&gt;&gt;Next: <a href=\"https:\/\/webspace.royalroads.ca\/jhodson\/communication-in-the-public-interest-resources\/science-communication\/chapter-1-toc\/\">CHAPTER 1: WHY SCIENCE COMMUNICATION<\/a><\/h6>\n<hr \/>\n<p><strong><span style=\"font-size: 10pt\">Supported by:<\/span><\/strong><\/p>\n<p><img decoding=\"async\" class=\"alignright wp-image-766 lazyload\" data-src=\"https:\/\/webspace.royalroads.ca\/jhodson\/wp-content\/uploads\/sites\/175\/2019\/08\/mitacs_colour.jpg\" alt=\"\" width=\"136\" height=\"49\" data-srcset=\"https:\/\/webspace.royalroads.ca\/jhodson\/wp-content\/uploads\/sites\/175\/2019\/08\/mitacs_colour.jpg 2237w, https:\/\/webspace.royalroads.ca\/jhodson\/wp-content\/uploads\/sites\/175\/2019\/08\/mitacs_colour-300x109.jpg 300w, https:\/\/webspace.royalroads.ca\/jhodson\/wp-content\/uploads\/sites\/175\/2019\/08\/mitacs_colour-768x278.jpg 768w, https:\/\/webspace.royalroads.ca\/jhodson\/wp-content\/uploads\/sites\/175\/2019\/08\/mitacs_colour-1024x371.jpg 1024w\" data-sizes=\"(max-width: 136px) 100vw, 136px\" src=\"data:image\/svg+xml;base64,PHN2ZyB3aWR0aD0iMSIgaGVpZ2h0PSIxIiB4bWxucz0iaHR0cDovL3d3dy53My5vcmcvMjAwMC9zdmciPjwvc3ZnPg==\" style=\"--smush-placeholder-width: 136px; --smush-placeholder-aspect-ratio: 136\/49;\" \/><\/p>\n<p><img decoding=\"async\" class=\"wp-image-765 alignleft lazyload\" data-src=\"https:\/\/webspace.royalroads.ca\/jhodson\/wp-content\/uploads\/sites\/175\/2019\/08\/Royal_Roads_large.jpg\" alt=\"\" width=\"90\" height=\"46\" data-srcset=\"https:\/\/webspace.royalroads.ca\/jhodson\/wp-content\/uploads\/sites\/175\/2019\/08\/Royal_Roads_large.jpg 323w, https:\/\/webspace.royalroads.ca\/jhodson\/wp-content\/uploads\/sites\/175\/2019\/08\/Royal_Roads_large-300x153.jpg 300w\" data-sizes=\"(max-width: 90px) 100vw, 90px\" src=\"data:image\/svg+xml;base64,PHN2ZyB3aWR0aD0iMSIgaGVpZ2h0PSIxIiB4bWxucz0iaHR0cDovL3d3dy53My5vcmcvMjAwMC9zdmciPjwvc3ZnPg==\" style=\"--smush-placeholder-width: 90px; --smush-placeholder-aspect-ratio: 90\/46;\" \/><\/p>\n<p><img decoding=\"async\" class=\"wp-image-1033 alignleft lazyload\" data-src=\"https:\/\/webspace.royalroads.ca\/jhodson\/wp-content\/uploads\/sites\/175\/2019\/08\/ECCC-logo.png\" alt=\"\" width=\"341\" height=\"24\" data-srcset=\"https:\/\/webspace.royalroads.ca\/jhodson\/wp-content\/uploads\/sites\/175\/2019\/08\/ECCC-logo.png 2358w, https:\/\/webspace.royalroads.ca\/jhodson\/wp-content\/uploads\/sites\/175\/2019\/08\/ECCC-logo-300x21.png 300w, https:\/\/webspace.royalroads.ca\/jhodson\/wp-content\/uploads\/sites\/175\/2019\/08\/ECCC-logo-768x55.png 768w, https:\/\/webspace.royalroads.ca\/jhodson\/wp-content\/uploads\/sites\/175\/2019\/08\/ECCC-logo-1024x73.png 1024w\" data-sizes=\"(max-width: 341px) 100vw, 341px\" src=\"data:image\/svg+xml;base64,PHN2ZyB3aWR0aD0iMSIgaGVpZ2h0PSIxIiB4bWxucz0iaHR0cDovL3d3dy53My5vcmcvMjAwMC9zdmciPjwvc3ZnPg==\" style=\"--smush-placeholder-width: 341px; --smush-placeholder-aspect-ratio: 341\/24;\" \/><\/p>\n","protected":false},"excerpt":{"rendered":"<p>Welcome to Science Communication Best Practices! This online resource was made possible based on work supported by\u00a0 MITACS, Environment and Climate Change Canada, and Royal Roads University. This open online information hub will be a resource for you as you choose to communicate your science to the public. It is open and online so that [&hellip;]<\/p>\n","protected":false},"author":184,"featured_media":0,"parent":411,"menu_order":0,"comment_status":"closed","ping_status":"closed","template":"","meta":{"footnotes":""},"class_list":["post-391","page","type-page","status-publish","hentry"],"_links":{"self":[{"href":"https:\/\/webspace.royalroads.ca\/jhodson\/wp-json\/wp\/v2\/pages\/391","targetHints":{"allow":["GET"]}}],"collection":[{"href":"https:\/\/webspace.royalroads.ca\/jhodson\/wp-json\/wp\/v2\/pages"}],"about":[{"href":"https:\/\/webspace.royalroads.ca\/jhodson\/wp-json\/wp\/v2\/types\/page"}],"author":[{"embeddable":true,"href":"https:\/\/webspace.royalroads.ca\/jhodson\/wp-json\/wp\/v2\/users\/184"}],"replies":[{"embeddable":true,"href":"https:\/\/webspace.royalroads.ca\/jhodson\/wp-json\/wp\/v2\/comments?post=391"}],"version-history":[{"count":23,"href":"https:\/\/webspace.royalroads.ca\/jhodson\/wp-json\/wp\/v2\/pages\/391\/revisions"}],"predecessor-version":[{"id":1323,"href":"https:\/\/webspace.royalroads.ca\/jhodson\/wp-json\/wp\/v2\/pages\/391\/revisions\/1323"}],"up":[{"embeddable":true,"href":"https:\/\/webspace.royalroads.ca\/jhodson\/wp-json\/wp\/v2\/pages\/411"}],"wp:attachment":[{"href":"https:\/\/webspace.royalroads.ca\/jhodson\/wp-json\/wp\/v2\/media?parent=391"}],"curies":[{"name":"wp","href":"https:\/\/api.w.org\/{rel}","templated":true}]}}